 o + 5 = 3*t - 2. Let j be -4 - -2 - 2/o. Suppose -4*i - 93 + 437 = j. Is i a prime number?
False
Suppose -11061 - 4954 = -2*q - n, 5*q - 40024 = -7*n. Is q a prime number?
True
Let b be ((-1)/2*-6224)/((-1)/(-2)). Let z = -3667 + b. Is z a prime number?
True
Let o(q) = q**2. Let h(i) = -12*i**2 - 1. Let w(j) = -h(j) - 3*o(j). Let t be 12/4 - (2 + -1). Is w(t) a prime number?
True
Let m(r) be the third derivative of r**5/20 - r**4/8 + 9*r**3/2 - 2*r**2. Let w be m(-21). Is (w/15 - -4)*5 composite?
False
Let k = -123 - -126. Is 484 + (12/(-2))/k prime?
False
Let i(b) = -b**3 - 10*b**2 + 11*b + 8. Let x be i(-10). Let f = 853 + x. Is f a composite number?
False
Suppose -l = 3*g + 2 - 3, 0 = l + g + 1. Is 0 + (-6)/(-4) + (-499)/l a prime number?
True
Let r(h) = h**2 - h - 15. Suppose -2*j = 3*o - 5*j - 12, j + 4 = 0. Let p be r(o). Is (-5565)/(-25) - 6/p a prime number?
True
Let u(c) = -423*c**3 - c**2 + 9*c + 15. Is u(-2) a composite number?
True
Suppose 8982 = -20*a + 30922. Is a composite?
False
Suppose -3*n = 6 - 18. Let m(f) = 416*f - 9. Is m(n) a prime number?
False
Suppose 0 = 6*g + 28 + 56. Let k(a) = -a**3 - 7*a**2 - 8*a - 25. Is k(g) a composite number?
False
Let j(f) = 6 - 14 + 7 - 45*f. Is j(-2) composite?
False
Let c(l) = l**3 + 2*l**2 - l - 4. Let j be c(3). Let u = -31 + j. Is (-2)/7 - (-597)/u a composite number?
True
Suppose -n = -3*d - 3517, 4*d + 3*n + 4698 = -0*n. Let z = -284 - d. Is z composite?
True
Suppose 3*h + 3*s - 4524 = 0, 3*s = -4*h + 6*h - 3011. Is h a prime number?
False
Let s(n) be the first derivative of n**3/3 - 5*n**2 + 18*n - 8. Let j be s(8). Suppose 0 = 3*w - 5*k - 2032, j*w + 3*k - 1992 = -w. Is w a prime number?
False
Let o(s) = -s**3 + 20*s**2 + 2*s - 45. Let i be o(20). Let g(y) = -278*y + 9. Is g(i) composite?
False
Let p be 2 - 1 - 674 - -3. Let w = -452 - p. Let g = 367 - w. Is g composite?
False
Let y = -1137 - -6892. Is y composite?
True
Let o be (3 + 39/9)*153. Suppose 0 = 2*w - 4*i - 286, 5*w + 3*i = -368 + o. Let n = w + -94. Is n composite?
True
Suppose 2*m + 3*s - 34 = -s, 4*s = -20. Let i = m + -25. Suppose i*h - 596 = -2*h. Is h a prime number?
True
Suppose 2*i - 6*i = -16. Suppose i*p = -h + 215, 7 = 4*h + 3*p - 879. Suppose h = -4*c + 5*c. Is c a composite number?
False
Let z = -35 + 28. Let s(c) = -4*c**3 - 4*c**2 - 6*c - 9. Let w(l) = -7*l**3 - 9*l**2 - 12*l - 18. Let y(t) = -5*s(t) + 3*w(t). Is y(z) a composite number?
True
Suppose 21*p + 1085 = 28*p. Is p prime?
False
Let l be 6/4 + 6/4. Suppose l*b + 2228 = 7*b. Is b composite?
False
Let n(g) = -126*g + 3. Let a be n(1). Is (-8)/(-32) - a/4 a prime number?
True
Let s(t) = 7623*t**3 + 4*t**2 - 2*t + 5. Is s(2) prime?
True
Is (-64550 - 1)*(-4 + (-121)/(-33)) a composite number?
False
Let t be 1*-1*-3980 + 52/26. Suppose 16052 = 10*s + t. Is s a composite number?
True
Let j be -1*(-4 - -5)*-211. Suppose 0 = -2*x - 3*a + 221, -j = -2*x - 2*a + a. Is x a prime number?
True
Let t(m) = m**3 - 2*m**2 - m + 2. Let w be t(2). Suppose 0 = d - 6*d + 2*l + 2225, w = -4*d - 3*l + 1757. Is d prime?
True
Suppose g + 9 - 14 = 0. Suppose -188 = g*b + 5337. Let h = -774 - b. Is h a composite number?
False
Let j(o) = -o**2 + 13*o - 7. Let f be (9/4)/((-15)/(-40)). Is j(f) prime?
False
Let t = 350 - 88. Suppose -5*r = -25, -r - t = -4*u + 737. Is u prime?
True
Suppose 0 = 3*q - 4*g + 3845 - 90258, -q + 28809 = g. Is q a prime number?
True
Suppose -4*x + 167 = -3*r, r - 147 = -4*x - 0*x. Let m = x + 8. Is m a prime number?
False
Is ((-8)/(-12))/(241307/48261 - 5) composite?
False
Is (-3)/24 - 2486700/(-96) composite?
False
Let y(i) = i**3 + 8*i**2 + i + 10. Let q be y(-8). Suppose 5*f - 4*n - 27 = 0, 2*f = 4*n - 12 + 30. Is (-1)/q*(-163 - f) prime?
True
Let p = -2294 + -652. Let t = -312 - p. Is t/10 + (-14)/35 a composite number?
False
Suppose 10*t - 7*t = -5*z + 32339, -25870 = -4*z - 3*t. Is z composite?
False
Let h(j) = -83*j. Let b(m) = m - 1. Suppose 0 = -i - 4*i. Let s be b(i). Is h(s) a composite number?
False
Let k be 79 - 7 - 2/2. Suppose 2*r + k - 11 = 0. Let o = r + 56. Is o prime?
False
Let s be (-4)/14 - 14442/21. Let t be (-4614)/14 + (-20)/(-35). Let j = t - s. Is j a composite number?
False
Let u be (0/2 + -1)*0. Suppose -5*c - 3*l + 153 = u, 5*c - l - 145 = -6*l. Is c a composite number?
True
Let h = 27 - 19. Suppose 20 = -4*f + 2*n + 3*n, 0 = 3*f + 2*n - h. Suppose u - 3*u - 5*j + 116 = f, 0 = 4*u + 3*j - 218. Is u a prime number?
True
Suppose -247 = -3*v + 59. Is v/(-12)*(-10 + 0) a composite number?
True
Is -12 + 90/(-10) + 11978 prime?
False
Suppose -92 = 3*d - 4*d. Let i be (1 + 564/(-15))/(3/(-15)). Suppose 5*w - d = i. Is w a prime number?
False
Let f(y) = -940*y**2 + 3*y. Let g be f(-1). Let h = -390 - g. Is h prime?
False
Let o = -61 + 67. Is (-370)/(-3)*o/4 prime?
False
Let j(m) = 42*m**3 + 10*m**2 + 24*m + 3. Is j(5) prime?
True
Let o = 3419 - 2378. Is o composite?
True
Let a = 68 - 48. Let r be a*(-1)/(1 + -2). Suppose 0 = 5*k + r, 5*x + 113 = 4*k + 744. Is x composite?
True
Suppose y = -0*y + 534. Suppose 3*q = q - y. Is q/(1*(-2 - -1)) a prime number?
False
Is ((-3037)/(-36) + 10/(-90))*4 composite?
False
Suppose 0 = 2*g + 2*g, -2*g - 12 = 2*f. Let k be f*(-2 - (-39)/9). Is (k/(-6))/(4/372) prime?
False
Suppose 4*n = 5*t - 3 + 21, 0 = -t + 2. Let u(g) = g**2 + 18*g + 21. Let s be u(-17). Suppose -n*a + s*a + 663 = 0. Is a a prime number?
False
Let k(p) = 8*p**3 - 34*p**2 + 10*p + 11. Is k(10) prime?
False
Let a be (-2)/6 - (-53)/(-3). Suppose 3*j - 4*w - 44 = 0, -4*w = -6*w - 4. Is ((-196)/6)/(j/a) composite?
True
Let u = -50 - -50. Suppose u = -s - 3*s + 524. Is s a composite number?
False
Let u(f) = -f**3 - 5*f**2 - 4*f - 4. Let c = -9 - -2. Is u(c) composite?
True
Let l(p) = 11*p**3 + 6*p**2 - 10*p - 4. Let g be l(5). Let y = -356 + g. Is y a prime number?
False
Suppose 0 = -4*c + l + 141579, -3*l = -c - c + 70787. Is c prime?
False
Let l(v) = 18*v**2 - 6*v + 9. Let d be l(4). Suppose 1152 - d = 3*k. Is k prime?
True
Suppose 24*i + 13045 = 29*i. Is i composite?
False
Let q(u) = u**2 + u - 1. Let g(r) = -11*r**2 - 3*r + 3. Let n(d) = -g(d) + 2*q(d). Is n(4) composite?
False
Let a(v) = 6*v - 3. Let w be a(5). Let o be w/(-3)*(0 - 25). Suppose -110 = -p + o. Is p prime?
False
Let z(f) = f**3 + 3*f**2 + 2*f - 2. Let o be z(-2). Let l be (o/(-6))/((-1)/(-3)). Is 148 + l - (-2 - -2) composite?
False
Suppose -20*t + 28*t - 36056 = 0. Is t composite?
False
Let l(i) = i**3 - 5*i**2 + 11*i - 3. Let f be l(7). Let v = f + -121. Is v prime?
False
Let n = 29 + -26. Suppose n*b + 0*b - 2601 = 0. Let k = -580 + b. Is k prime?
False
Suppose 4*p + 4*k - 524 = 0, -2*k - 126 = -2*p + 136. Let y = 426 - p. Is y composite?
True
Suppose 19*b - g = 18*b + 41191, -b = 2*g - 41191. Is b a composite number?
True
Suppose -4*m + 5*m - 40 = -4*a, -3*m + 21 = 3*a. Suppose -a = g - 82. Is g a composite number?
False
Suppose 0 = -a + 5*k + 1366, 0 = 4*a + 5*k + 1459 - 6823. Is a prime?
False
Let v be 33/(-6)*(-2)/(-1). Let n(h) = -h**2 - 11*h - 2. Let c be n(v). Is (c/(-6))/((-3)/(-585)) prime?
False
Let y = -76 + 79. Let j(i) be the first derivative of 2*i**3 - i**2 - 2*i + 1. Is j(y) a composite number?
True
Let z = -30 + 22. Is (4083 - z) + -2 + 2 a prime number?
True
Let c = 1519 - 809. Let x = c + 83. Let y = x - 476. Is y a composite number?
False
Let y(w) = -17*w**2 - 14*w + 5. Let r(v) = 8*v**2 + 7*v - 3. Let s(b) = 9*r(b) + 4*y(b). Let z(x) be the first derivative of s(x). Is z(9) composite?
False
Suppose -4*g = k - 4*k + 43475, 4*k - 2*g - 57960 = 0. Is k a prime number?
True
Suppose -5*d - 4*m - 6237 = 0, -2*d - 2*d + 5*m = 5006. Let l = d - -3044. Is l prime?
False
Let i = -25 - -22. Let w = 2 - i. Suppose 1722 + 253 = w*z. Is z prime?
False
Suppose -90*z + 3271 = -89*z. Is z a composite number?
False
Let y(d) = 7*d. Let a = -5 + 6. Let w be y(a). Suppose 732 = w*q - 3*q. Is q a composite number?
True
Let b(l) = -l**3 + 4*l**2 - 4*l + 2. Let n be b(2). Let h be 15/10 + n/4. Suppose h*f - c - 46 = 0, -3*f + c - 16 = -84. Is f prime?
False
Let m(l) = 282*l**2 + 8*l - 9. Is m(-5) composite?
False
Suppose -6*l = -8*l - 82. Let w = 175 + l. Is w*(-21)/(-18)*3 a composite number?
True
Suppose 0 = -5*n + 8*n + 27. Let w be ((-56)/6 - 0)*n. Supp